its digit of l?
8
Let y(w) = -w**2 + 11*w + 5. Let m be y(11). Suppose 0 = 2*u - 5*d - 83, 6*u = 2*u + m*d + 151. Let q = -16 + u. What is the units digit of q?
8
Suppose -23 = -5*p + 2*c, 6*p - p - 26 = -c. Suppose -4*g + 16 = 0, 0 = 2*q + 3*q + p*g - 35. What is the units digit of q?
3
Suppose 2*c - 4*d - 18 = 0, 8 = c + d + 2. Let u = 10 + c. What is the units digit of u?
7
Suppose 15 = 2*h + 5*a, 4*h - 4*a = -3*a + 19. What is the units digit of h?
5
Let t be (-1)/(-3) - (-11)/3. Suppose 0 = 2*m + 6 - t. Let j(v) = -11*v - 1. What is the units digit of j(m)?
0
Suppose 127 - 20 = v. What is the hundreds digit of v?
1
Let t(n) = n**3 - n**2 - 2*n + 2. Let z be t(2). Suppose -56 = -s - 3*s. Suppose -3*c = -5*c + 3*l - 1, z*l = 5*c - s. What is the units digit of c?
4
Suppose 0 = l + 5*m, l - 3*m + 66 = 6*l. What is the units digit of l?
5
Let r = 10 + -28. Let u = 30 + r. What is the tens digit of u?
1
Let q(d) = 6*d**3 + 2*d**2 + 1. What is the units digit of q(3)?
1
Suppose -3 = t + 5*n + 2, -3*t + 3*n + 3 = 0. Let x(k) = k + 9. Let y be x(-7). Suppose t = -p - 4*l - 3 + 12, l = -y*p + 4. What is the units digit of p?
1
Let o be 19 + 4 - (3 - 1). Let d = 0 + o. What is the tens digit of d?
2
Let q(t) = -t**2 - 12*t - 4. Let r be q(-12). Let b be (1 + -2)/(2/(-12)). What is the units digit of 16 + r*(-3)/b?
8
Let f(y) = -12*y. Let l be f(-1). Let o = -2 - -4. Suppose -l = k - o*k. What is the tens digit of k?
1
Let x(o) = 0*o + 0*o + o. Let s = 8 + -4. What is the units digit of x(s)?
4
Let f(r) be the second derivative of -r**5/20 - r**4/12 + r**3/3 + r**2/2 - 4*r. What is the units digit of f(-2)?
1
What is the hundreds digit of 4866/21 + 4 - 6/(-21)?
2
Let y(h) = -h + 8. Let s(g) = g**2 - 5*g + 6. Let l be s(5). What is the units digit of y(l)?
2
Suppose -4*f = -4*k - 3*f + 89, k + 4*f = 18. What is the units digit of k?
2
Let n(p) be the second derivative of -p**4/12 + 2*p**3/3 - p**2/2 - p. What is the units digit of n(3)?
2
Let k(d) = 11*d + 52. What is the units digit of k(12)?
4
Let n(h) = -h - 7. Let r be n(-4). Let s = -4 - -3. What is the units digit of 5/(s + r/(-2))?
0
Let n be (-4)/3*(-120)/16. Suppose 2*k - 5*k + 2 = -2*r, -2*r - 3*k = -n. What is the units digit of r?
2
Let m = -14 + 18. Suppose -m*u = -10 - 18. What is the units digit of u?
7
Let d = -12 - -19. What is the units digit of d?
7
Let d = 224 - 132. What is the tens digit of d?
9
Let x(q) = -q**2 - 7*q - 8. Let l be x(-7). What is the units digit of (4 - (-220)/l)*-2?
7
Suppose 16*m - 1228 = 1556. What is the hundreds digit of m?
1
Let b = 9 + -5. Suppose -d + 3*g + 1 = -b, 2*g - 10 = -d. What is the units digit of ((-6)/5)/(d/(-20))?
3
Let y = 44 - 27. What is the units digit of y?
7
Suppose 0 = 6*z - 3*z - 24. Suppose -7 = -5*w + z. What is the units digit of w?
3
Suppose 7*b - 5*b = 12. Let x = 16 - b. What is the units digit of x?
0
Let m = -14 - -27. What is the tens digit of m?
1
Let l(r) = r + 12. Let u be l(-8). Suppose -u*h + 42 = -h. What is the tens digit of h?
1
Let m(p) = 5*p**3. Let a be m(1). Suppose 41 = 4*s - j, 3*s + a*j = 2*s - 16. What is the units digit of s?
9
Let k(i) = 27*i. Let j be k(2). Let l = j - 20. What is the units digit of l?
4
Let c = -108 - -129. What is the units digit of c?
1
Let q = -88 - -147. What is the units digit of q?
9
Suppose -13*g + 10*g = -30. What is the units digit of g?
0
What is the tens digit of (-103 - 1)*8/(-16)?
5
Let t(g) = 10*g - 7. Let j(a) = -5*a + 3. Let k(q) = -5*j(q) - 2*t(q). Let v be k(1). Let b(d) = 2*d - 3. What is the units digit of b(v)?
5
Let i be (6/4)/(18/(-408)). What is the tens digit of (7 - 8)/(2/i)?
1
Suppose f = 2*f - 3. Let s(o) = -o + o**3 + 6 - o + f*o**2 - 3. What is the units digit of s(-3)?
9
Let j = -6 + 9. What is the units digit of j - (-41 + 2)/3?
6
Suppose 4*o - 231 = 5*v + 722, -5*o = -3*v - 1201. What is the tens digit of o?
4
Let d(a) = -a**2 + 7*a - 3. Let u be d(6). Suppose 5 - 2 = 3*s. Let w = u - s. What is the units digit of w?
2
Let h(n) = -n + 47. What is the tens digit of h(-23)?
7
Let u = -21 + 44. What is the units digit of u?
3
Let t be (1 - 0)*(-1 + 4). Suppose -o - t*o - 24 = 0. What is the tens digit of (-16)/o*(-9)/(-2)?
1
Suppose 12*h = 7*h - 60. What is the tens digit of (39/h)/(4/(-16))?
1
Let z = -105 + 253. What is the units digit of z?
8
Let o(m) = -m + 19. What is the units digit of o(16)?
3
What is the tens digit of (-1698)/(-30) + 3/(-5)?
5
Let q(y) = y**3 - y**2 - y. Let x be q(2). Suppose -3*v + 45 = x*v. What is the units digit of (-1)/(-3) + 96/v?
1
Let q(m) = 1 + 0 - m + 1 + 6. What is the tens digit of q(-9)?
1
Let f = -12 + 8. What is the tens digit of (-3 - f/8)*-6?
1
Suppose -x - 67 = 6. Let j = -46 - x. What is the units digit of j?
7
Let t(d) = 3*d + 7. Let z be t(6). Suppose 0 = 4*q + 3*f - z - 1, 2*f + 1 = q. Suppose -1 = 4*l - q. What is the units digit of l?
1
Suppose -c - 4*c = -150. What is the units digit of c?
0
Let p(a) = -63*a - 28. Let o(q) = 7*q + 3. Let f(z) = 28*o(z) + 3*p(z). What is the units digit of f(1)?
7
Let y be -10*(2 + -1)*-2. Suppose -4*x + 88 = -y. What is the units digit of x?
7
Let t(i) = -i**2 - 14*i + 10. Let p be t(-13). Suppose -j - 2*j = 0. Suppose 3*b + j*c + 5*c - p = 0, -5*c = -b - 19. What is the units digit of b?
1
Let r(l) = -2*l - 19. Let f be r(-9). What is the units digit of 12*((f - 1) + 3)?
2
Suppose -5*v - 30 = -2*y - 11, 25 = 5*y - 5*v. Suppose -3*j - y*h - 3 = -74, 3*j = -3*h + 69. What is the units digit of j?
5
Let v be ((-189)/18)/((-3)/4). Let o = v + -1. What is the tens digit of o?
1
Let h = 36 - 18. Suppose h = 5*s - 22. What is the units digit of s?
8
What is the units digit of (-3)/((-1)/1) + (7 - -10)?
0
Let i = -6 - -6. What is the units digit of 12 - (i + 2 + 1)?
9
Let z(g) = 5*g**2 + 1 + 0*g + 0 + 2 + 4*g. What is the units digit of z(-2)?
5
Let l(x) be the third derivative of x**4/8 + x**3/2 - 2*x**2. Let d be l(3). Suppose -3*t + 7*t = d. What is the units digit of t?
3
Let u(o) = -2*o + 3. Let f(q) = -1. Let w(d) = 2*f(d) + u(d). What is the units digit of w(-6)?
3
Let x(r) = -7*r**2 + 4 - 6*r**2 - 5*r**3 + 12*r + 6*r**3. What is the units digit of x(12)?
4
Let g(p) = -p**2 + 3*p - 2. Let r be g(2). Let q(u) = 2*u + r + 2 + u - 1. What is the units digit of q(1)?
4
Let x = 7 - 2. Let w(y) = -y**3 + 5*y**2 - y + 6. Let i be w(x). What is the units digit of ((6 - 0)*i)/1?
6
What is the units digit of -1*4 + (34 - 2)?
8
Suppose 3*u = u - 78. Let p = -23 - u. What is the units digit of p?
6
Let z = -67 + 148. Suppose -i = 2*i - z. Suppose 4*l = 83 - i. What is the tens digit of l?
1
Suppose 3*z - 3 = -0*z. Let l = 1 - z. Let q(o) = o**3 + o**2 + o + 11. What is the tens digit of q(l)?
1
Let w(l) = -16*l**3 + 2*l + 2. What is the units digit of w(-1)?
6
Let f be 1/1*(-11 - -10). Let j(q) = -16*q - 1. What is the tens digit of j(f)?
1
Suppose -4*v = 2*x + 12 + 44, 2*x = -2*v - 26. Suppose 3*r - 2 - 16 = 0. What is the tens digit of v/r*(-4 + 0)?
1
Suppose -f - 5*v - 7 = 0, -7 = -3*f - 4*v + 5. Let i = 0 + f. Let x = 7 + i. What is the units digit of x?
5
Let d be ((-6)/15)/(2/(-30)). Let m = 16 - 7. Let g = m - d. What is the units digit of g?
3
Suppose -3*j + 5*m = -1 + 2, 3*j = 2*m + 5. Suppose 4*y - 2*g = -0*y + 50, -2*y + j*g = -27. What is the units digit of y?
2
Let k = 100 + -54. What is the units digit of k?
6
Let v(n) = 9*n + 13. What is the tens digit of v(21)?
0
Suppose -b - 4*f = -44, -2*b = 5*f - 30 - 43. What is the tens digit of b?
2
Let i be 15*(-2 - 6/(-2)). Let q = i - 4. What is the units digit of q?
1
Let d(m) = -3*m + 1. Let z(n) = -5*n + 3. Let h(s) = 7*d(s) - 4*z(s). Let l be h(-7). Suppose 3*x + 7 = t + 5*x, t - x + l = 0. What is the units digit of t?
1
Let q be 1/(3 - (-14)/(-4)). Let v be -1 - q - (-3 + -2). Let f(b) = 2*b - 2. What is the units digit of f(v)?
0
Let i = 46 + -28. Suppose -2*r + i = -r. What is the units digit of r?
8
Let h(t) = -2*t + 3. Let b be h(3). Let q(d) = -2*d**3 - 3*d**2 + 4*d. Let l be q(b). Let w = 31 - l. What is the tens digit of w?
1
Suppose 0*w - 95 = -w. Suppose w = -5*p + 300. What is the units digit of p?
1
Let c(p) = -15*p + 25. Let i(s) = -8*s + 12. Let l(k) = -4*c(k) + 7*i(k). What is the tens digit of l(14)?
4
Le